
True
Is 115440 a multiple of 13?
True
Does 9 divide 13860?
True
Does 16 divide 5472?
True
Is 375 a multiple of 15?
True
Is 701 a multiple of 6?
False
Is 32945 a multiple of 15?
False
Is 4266 a multiple of 21?
False
Does 10 divide 1520?
True
Does 35 divide 390?
False
Is 38 a factor of 912?
True
Is 31 a factor of 49?
False
Does 45 divide 269?
False
Is 92 a factor of 17112?
True
Does 27 divide 14229?
True
Does 26 divide 30706?
True
Is 8002 a multiple of 94?
False
Does 43 divide 8256?
True
Is 1692 a multiple of 18?
True
Does 105 divide 48695?
False
Is 9 a factor of 19349?
False
Is 2150 a multiple of 24?
False
Is 14 a factor of 53424?
True
Does 17 divide 102?
True
Does 21 divide 504?
True
Does 18 divide 14419?
False
Does 20 divide 2966?
False
Is 29108 a multiple of 5?
False
Is 61880 a multiple of 17?
True
Does 51 divide 3264?
True
Is 56 a factor of 1064?
True
Does 17 divide 21777?
True
Is 722 a multiple of 2?
True
Does 20 divide 2069?
False
Is 6 a factor of 1736?
False
Does 19 divide 798?
True
Is 5710 a multiple of 10?
True
Does 12 divide 973?
False
Is 213 a factor of 10863?
True
Does 38 divide 8669?
False
Is 81 a factor of 21141?
True
Is 2012 a multiple of 54?
False
Is 35 a factor of 39340?
True
Is 16 a multiple of 8?
True
Is 16 a factor of 28964?
False
Does 7 divide 398?
False
Is 195 a factor of 110184?
False
Is 58 a factor of 1449?
False
Does 35 divide 14877?
False
Is 17589 a multiple of 11?
True
Is 7 a factor of 2735?
False
Is 5904 a multiple of 72?
True
Does 155 divide 3003?
False
Is 28 a factor of 15372?
True
Is 2 a factor of 68?
True
Does 60 divide 2400?
True
Does 6 divide 582?
True
Is 3644 a multiple of 3?
False
Does 64 divide 6848?
True
Does 11 divide 429?
True
Is 19 a factor of 514?
False
Is 12552 a multiple of 8?
True
Does 7 divide 646?
False
Is 552 a multiple of 23?
True
Is 192 a factor of 13632?
True
Is 14 a factor of 1550?
False
Is 15 a factor of 868?
False
Is 2604 a multiple of 15?
False
Is 3036 a multiple of 46?
True
Is 794 a multiple of 54?
False
Does 125 divide 45637?
False
Is 35 a factor of 55997?
False
Is 10058 a multiple of 5?
False
Is 43 a multiple of 43?
True
Is 3097 a multiple of 112?
False
Is 19 a factor of 161?
False
Does 3 divide 273?
True
Is 12580 a multiple of 148?
True
Is 4 a factor of 5604?
True
Does 187 divide 68809?
False
Is 32835 a multiple of 33?
True
Is 7 a factor of 2950?
False
Does 42 divide 504?
True
Does 20 divide 8460?
True
Does 109 divide 13844?
False
Is 8900 a multiple of 178?
True
Is 183 a multiple of 5?
False
Does 5 divide 220?
True
Is 31523 a multiple of 11?
False
Is 15 a factor of 3375?
True
Is 19 a factor of 7708?
False
Is 91 a multiple of 12?
False
Is 72 a factor of 90864?
True
Does 319 divide 12868?
False
Is 11 a factor of 2629?
True
Is 33 a factor of 3691?
False
Is 1328 a multiple of 74?
False
Is 1452 a multiple of 44?
True
Is 1911 a multiple of 5?
False
Does 19 divide 1343?
False
Is 20 a factor of 700?
True
Is 2216 a multiple of 10?
False
Does 24 divide 1498?
False
Does 15 divide 539?
False
Is 122737 a multiple of 314?
False
Is 17 a factor of 70091?
True
Is 608 a multiple of 16?
True
Does 43 divide 7580?
False
Is 954 a multiple of 10?
False
Does 24 divide 23670?
False
Does 79 divide 33022?
True
Is 31 a factor of 1299?
False
Is 35300 a multiple of 41?
False
Does 8 divide 29596?
False
Is 14 a factor of 8231?
False
Is 4 a factor of 27416?
True
Is 124 a multiple of 62?
True
Is 5 a factor of 5660?
True
Does 14 divide 742?
True
Is 20 a factor of 9820?
True
Is 310 a multiple of 38?
False
Is 10 a factor of 1248?
False
Is 16 a factor of 943?
False
Is 1199 a multiple of 25?
False
Is 7193 a multiple of 8?
False
Is 12636 a multiple of 36?
True
Does 11 divide 9768?
True
Is 327 a multiple of 2?
False
Is 2597 a multiple of 6?
False
Is 24400 a multiple of 122?
True
Is 73999 a multiple of 417?
False
Is 5560 a multiple of 20?
True
Is 29 a factor of 392?
False
Is 3939 a multiple of 101?
True
Does 38 divide 341?
False
Is 22610 a multiple of 85?
True
Does 6 divide 25821?
False
Is 47549 a multiple of 26?
False
Does 34 divide 6732?
True
Is 24968 a multiple of 8?
True
Is 8784 a multiple of 10?
False
Is 61 a factor of 59170?
True
Does 13 divide 1434?
False
Is 115 a multiple of 12?
False
Is 6804 a multiple of 54?
True
Is 2175 a multiple of 145?
True
Does 19 divide 500?
False
Does 25 divide 750?
True
Does 10 divide 9290?
True
Is 2696 a multiple of 80?
False
Does 53 divide 21624?
True
Is 8 a factor of 840?
True
Is 692 a multiple of 23?
False
Is 30899 a multiple of 78?
False
Does 90 divide 40792?
False
Is 10 a factor of 1500?
True
Is 792 a multiple of 39?
False
Does 16 divide 656?
True
Does 19 divide 3667?
True
Does 19 divide 2565?
True
Does 30 divide 1230?
True
Is 3761 a multiple of 49?
False
Is 1131 a multiple of 89?
False
Does 46 divide 359?
False
Does 7 divide 1316?
True
Does 106 divide 742?
True
Is 77 a multiple of 34?
False
Does 97 divide 255?
False
Does 3 divide 10945?
False
Does 138 divide 1518?
True
Is 23 a factor of 4196?
False
Is 1865 a multiple of 14?
False
Is 1155 a multiple of 33?
True
Does 5 divide 1065?
True
Does 33 divide 557?
False
Is 17 a factor of 39482?
False
Is 580 a multiple of 2?
True
Is 633 a multiple of 75?
False
Does 47 divide 13837?
False
Is 126 a factor of 5322?
False
Is 3830 a multiple of 10?
True
Is 6 a factor of 84?
True
Does 142 divide 1988?
True
Is 75 a factor of 827?
False
Is 85 a factor of 1870?
True
Is 336 a multiple of 12?
True
Is 27 a factor of 23651?
False
Is 108 a factor of 4212?
True
Is 17752 a multiple of 26?
False
Is 2515 a multiple of 9?
False
Is 114 a factor of 3876?
True
Is 41712 a multiple of 264?
True
Is 735 a multiple of 15?
True
Is 2909 a multiple of 108?
False
Does 42 divide 13398?
True
Is 576 a multiple of 32?
True
Does 36 divide 1332?
True
Is 14296 a multiple of 54?
False
Is 6562 a multiple of 34?
True
Does 2 divide 378?
True
Is 48 a factor of 4040?
False
Is 23 a factor of 207?
True
Does 9 divide 760?
False
Is 900 a multiple of 6?
True
Is 291 a multiple of 3?
True
Is 54 a factor of 917?
False
Is 24 a factor of 652?
False
Is 1212 a multiple of 64?
False
Is 6 a factor of 8381?
False
Is 11 a factor of 12306?
False
Does 33 divide 14850?
True
Does 54 divide 2365?
False
Does 17 divide 141?
False
Is 5 a factor of 2584?
False
Is 16 a factor of 82249?
False
Is 60 a factor of 31440?
True
Is 46926 a multiple of 79?
True
Is 4323 a multiple of 131?
True
Does 14 divide 24543?
False
Does 206 divide 39552?
True
Is 184 a factor of 18952?
True
Is 336 a multiple of 16?
True
Is 60 a factor of 3528?
False
Is 2 a factor of 1956?
True
Does 25 divide 255?
False
Is 4150 a multiple of 20?
False
Does 7 divide 735?
True
Does 10 divide 4651?
False
Is 54 a factor of 783?
False
Is 64 a factor of 18752?
True
Does 24 divide 4200?
True
Is 39990 a multiple of 30?
True
Does 5 divide 996?
False
Is 12 a factor of 334?
False
Does 106 divide 6054?
False
Does 34 divide 89?
False
Is 7369 a multiple of 13?
False
Is 26 a factor of 3978?
True
Is 8656 a multiple of 11?
False
Is 1363 a multiple of 11?
False
Is 106092 a multiple of 18?
True
Is 14 a factor of 322?
True
Is 11774 a multiple of 5?
False
Is 10 even?
True
Is 1341 a multiple of 21?
False
Is 288 a multiple of 17?
False
Is 5 a factor of 9807?
False
Is 8 a factor of 1596?
False
Is 300 a factor of 36600?
True
Is 10878 a multiple of 21?
True
Is 26 a factor of 624?
True
Is 15 a factor of 165?
True
Does 14 divide 7910?
True
Is 2 a factor of 124?
True
Does 3 divide 9?
True
Is 27 a factor of 1096?
False
Is 5356 a multiple of 13?
True
Is 2985 a multiple of 4?
False
Does 24 divide 536?
False
Is 45 a multiple of 6?
False
Is 44 a factor of 11176?
True
Is 1712 a multiple of 7?
False
Is 1040 a multiple of 40?
True
Is 17 a factor of 3817?
False
Does 9 divide 11691?
True
Does 344 divide 58480?
True
Is 94 a factor of 19588?
False
Is 9565 a multiple of 62?
False
Is 1165 a multiple of 29?
False
Is 2556 a multiple of 71?
True
Does 23 divide 68?
False
Is 6552 a multiple of 14?
True
Does 5 divide 201?
False
Does 10 divide 1760?
True
Is 72 a multiple of 12?
True
Does 12 divide 2825?
False
Is 134 a factor of 2621?
False
Does 6 divide 970?
False
Does 87 divide 23835?
False
Is 7 a factor of 2457?
True
Does 48 divide 6432?
True
Is 36 a factor of 10078?
False
Is 24158 a multiple of 